?
8
Suppose 0 = -13*y + 142 + 1. What is the tens digit of y?
1
Let k = 5 - 2. Suppose k*g + 2 + 7 = 0. Let y(h) = -h**2 - 3*h + 4. What is the units digit of y(g)?
4
Let j(m) = m + 3. Let z(g) = -g - 3. Let p be z(-5). Let q be (-9)/(-2) + (-1)/p. What is the units digit of j(q)?
7
Let k be 2 + -4 + 4 + 0. Let r(d) = 4 + 6*d**3 - 5*d**3 - k*d**2 + 12*d**2. What is the units digit of r(-10)?
4
What is the units digit of (-424)/(-6) + (-3 - (-14)/6)?
0
Let b = 4 - -5. Suppose 2*o = 5*y - b, -y - 12 = -5*o - 0*y. Suppose 8 = p + o*u, -2 = 4*p - 5*u - 0. What is the units digit of p?
2
Suppose 3 = 2*w - 13. What is the units digit of w?
8
Let v(c) = 143*c + 138*c + 1 - 283*c. Let q = -1 + -3. What is the units digit of v(q)?
9
Suppose 3*n + 3 - 78 = 0. What is the units digit of n?
5
What is the tens digit of (((-9990)/(-25))/(-9))/((-2)/10)?
2
Let t = 45 + 21. What is the tens digit of t?
6
Suppose 2*m + 25 = 69. What is the tens digit of m?
2
Let m(w) = w**2 + 6*w - 9. Let f be m(-7). Let v = 11 - 6. Let a = v + f. What is the units digit of a?
3
Let h be 3/(-6) - 14/(-4). Suppose -n = h*n. Let d = n - -1. What is the units digit of d?
1
Let y = 102 - 44. What is the tens digit of y?
5
Suppose -m + 11 = -2*x, 4*m + 5*x = 8 - 3. Suppose -4*d - 1 - m = -2*n, 1 = -4*n - 5*d. Suppose -b + 2 = n. What is the units digit of b?
1
Let k(c) = -c**2 + 7*c + 8. Let b(y) = 3*y**2 - 4*y + 2. Let r be b(2). What is the units digit of k(r)?
4
Let o(i) = 3*i**3 + 8*i**2 - 12*i + 4. Let f(q) = q**3 - q - 1. Let j(y) = 4*f(y) - o(y). Let d be j(7). Let t = d + 6. What is the units digit of t?
5
Let k(f) = f**2 + 4*f + 1. What is the units digit of k(-8)?
3
Let g(h) = -h**3 + 4*h**2 + h - 1. Let p be g(4). Let o = p + 3. What is the units digit of o?
6
Suppose 2*q + 60 = -4*r - 66, 5*r + 168 = q. Let d = -22 - r. What is the tens digit of d?
1
Suppose -2*l + u + u = -42, 0 = 4*l + u - 84. Let z = l + -11. What is the tens digit of z?
1
Suppose 12 - 62 = -5*i. What is the units digit of 6/10 - (-254)/i?
6
Let s be (-7 - -10)/((-3)/(-2)). Let r(k) = 5*k**2 - 3*k + 3. What is the tens digit of r(s)?
1
Let g be (-21)/(-2) + (-1)/(-2). Let v = g + -7. Suppose 0 = v*t - 0*t - 20. What is the units digit of t?
5
Suppose 0 = -q - 2*q + 9. Let h(d) be the first derivative of -d**3/3 + 3*d**2/2 + 3*d + 1. What is the units digit of h(q)?
3
Suppose 22*g = 19*g + 828. What is the hundreds digit of g?
2
Let q = -7 - -35. Let d be -1*((-140)/24 - 2/12). Suppose -4*a - v + q = 3*v, 0 = 2*v + d. What is the tens digit of a?
1
Let i(w) be the second derivative of 2*w**3/3 + 3*w**2/2 + w. What is the tens digit of i(3)?
1
Suppose 0 = -3*x - 2*x + 70. What is the units digit of (-675)/(-35) - 4/x?
9
Suppose 2*x - x + 4*c - 8 = 0, -132 = -4*x + 4*c. What is the tens digit of x?
2
Let s = -67 + 111. What is the units digit of s?
4
Suppose -5*m = 4*z - 1008, z - 14 = 5*m + 238. What is the hundreds digit of z?
2
Let z be 2 + (2*-1 - -2). Suppose z*a - 24 - 38 = 0. Suppose -9 = -5*b + a. What is the units digit of b?
8
Let p be (3/2)/(1/6). Let c(i) = -i**2 + 8*i + 7. Let x be c(p). What is the units digit of 3 + -1 + 3 + x?
3
Let a be 5 + -2 + 4/(-2). Suppose -a = 2*l + 1. What is the units digit of (-1)/(-1) - (-3 + l)?
5
Let b = 8 - -55. Suppose -2*o = o - 3*i - b, o - 26 = 2*i. What is the units digit of o?
6
Suppose 4*i = 64 + 16. Suppose 3*w + h = -4*h + 16, w - 2*h - i = 0. What is the units digit of w?
2
Let y = 15 - 7. Let f(i) = 0*i + y + i**2 + 0*i - 7*i. What is the units digit of f(6)?
2
Let r be ((-2)/3)/(2/36). Let h = 0 - r. What is the tens digit of h?
1
Let f be (-14)/91 + (-1922)/13. What is the units digit of (-4)/(-6) - f/12?
3
Let f = 257 - 132. Suppose 5*p - j - 171 = -0*j, 3*p + 5*j - f = 0. What is the tens digit of p?
3
Suppose 0*x + 6*x - 420 = 0. What is the tens digit of x?
7
Suppose -3*x - 16 = x. Let s = x + 6. What is the units digit of (s - 4)/(-4 - -2)?
1
Let f(c) = -2*c + 4. Let r be f(-3). Suppose 0 = -4*y - 2*u + r, 2*u = -5*y + 3*y. Suppose -3*m + 16 = i + 3, -y*i = 5*m - 25. What is the units digit of i?
1
Suppose -15 = -4*g - 75. What is the units digit of 95*((-51)/g + -3)?
8
What is the units digit of (10 - -191)*4/6?
4
Let v = 123 - 62. What is the tens digit of v?
6
Let q(v) = -15 - 7*v + 3 + 5 - 7*v**2 + v**3. What is the units digit of q(8)?
1
Suppose -21 - 31 = -4*x. Let m = x + -1. What is the units digit of ((-68)/(-6))/(m/18)?
7
Suppose z + 0 - 1 = 0. Let l be 17/(-1) - z/1. What is the units digit of l/4*(-8)/6?
6
What is the units digit of ((-2)/5)/(4/(-360))?
6
Suppose 2*l - 32 = 4*v, 5*l - 2 = -4*v + 8. Suppose 0 = n - 8 - l. What is the tens digit of n?
1
Suppose 26 + 6 = 4*d. Suppose 4*v - 64 = -4*y, 2*y + 37 = 5*v - d. What is the tens digit of v?
1
Let f = 5 - -6. Let n = -3 + f. What is the units digit of n?
8
Suppose -3*r + 112 = -k, 0*r = -3*r + 2*k + 110. What is the tens digit of r?
3
Suppose 17 + 5 = 2*u. What is the units digit of u?
1
Let u = 26 - 24. What is the units digit of u?
2
Let d(m) = 6*m**2 + 2*m - 3. Let l(b) = -b**2 - 6*b + 9. Let c be l(-7). What is the units digit of d(c)?
5
Let r be 2/8 + 66/24. Suppose v = -k - 2*k + 46, -k + r = 0. What is the tens digit of v?
3
Let z be ((-2)/(-3))/((-2)/3). What is the units digit of z/((-3)/30) - -2?
2
Let m(p) = p**2 - p - 1. What is the tens digit of m(-5)?
2
Suppose -34 - 41 = -5*d. Let h = -12 + d. What is the units digit of h?
3
Let w = 10 + -8. What is the units digit of w/(-8)*(-45 - -1)?
1
Suppose 7*f - 8*f = 14. Suppose -c - 16 = 4. Let l = f - c. What is the units digit of l?
6
Let d(f) be the second derivative of -f**3/3 + 2*f**2 - 3*f. What is the units digit of d(-3)?
0
Suppose 0*a = 4*a + 2*o - 158, -2*o = -2*a + 88. Suppose -a = 2*f + 21. Let m = 43 + f. What is the units digit of m?
2
Suppose -10 = 5*s + 40. What is the units digit of 4/(-16) - s/8?
1
Let d = 158 - 103. What is the tens digit of d?
5
Let m = 11 - 6. Suppose -5 - 36 = -m*j - 2*y, 0 = 5*j + 3*y - 44. What is the units digit of j?
7
Let o = -7 + 18. Let q be (10/25)/(2/20). Suppose 0 = q*j + 2*g - o - 13, 4*j + 3*g - 20 = 0. What is the units digit of j?
8
Let t = 116 - 43. What is the units digit of t?
3
Let k be 8/(-20)*-4*5. What is the tens digit of (-833)/(-28) - (-2)/k?
3
Suppose 0 = 5*f - 3*f - 6. Suppose 3*u - 7*b - 38 = -f*b, 2*b = 2*u - 28. Suppose -3*a - 3 = -u. What is the units digit of a?
5
Let q be 8/(-2) + 0 + -2. What is the tens digit of (-4)/q*(-111)/(-2)?
3
Suppose -7 = -y + 9. What is the tens digit of y?
1
What is the tens digit of -2*-13*(6 + -4)?
5
Let l(v) = 2*v - 3. Suppose 3*w = 13 + 8. What is the tens digit of l(w)?
1
Let r(m) = m**2 - 8*m + 13. Let t be 15 + (-8 - (2 + -6)). What is the units digit of r(t)?
6
Let x = -1 + 3. What is the units digit of (x/6)/(6/72)?
4
Let q = -1 + 5. Suppose -q*w + 5*p + 6 + 13 = 0, 2*p = -2*w - 4. What is the units digit of w?
1
Let n(q) = -q**3 + 3*q**2 + 3*q - 2. Let i(r) = r**2 + 7*r + 9. Let z be i(-6). What is the units digit of n(z)?
7
Let u(q) = 12*q**2 + q. Let z be u(1). Let a(o) = o**3 - 5*o**2 - 8*o + 4. Let n be a(6). Let s = z + n. What is the units digit of s?
5
Suppose -12 = 4*s - 5*l, 3*s + 0*l - 5*l = -14. Suppose 11 = -5*q - 9, -s*x = -q - 18. Suppose 2*j - x*j = -40. What is the units digit of j?
8
Let m = 0 + 0. Suppose 2*z - 17 = -2*w + 7, m = 4*w - 5*z - 30. What is the units digit of w?
0
What is the tens digit of 12/36 - 598/(-6)?
0
Suppose -6 + 18 = 4*t. Let x(z) = -7*z - 6. Let d(r) = r + 1. Let f(s) = t*d(s) + x(s). What is the units digit of f(-5)?
7
What is the units digit of 0 - -3 - (-4)/(-2)?
1
Suppose 2*c = -0*c + 4. Suppose -c*b + 0 + 8 = 0. Suppose 0 = 3*m + b - 10. What is the units digit of m?
2
Suppose -s - 4 = 3*s. Let r be -1*(-14 - (s + 2)). Suppose o = -6 + r. What is the units digit of o?
9
Let j = 64 + -20. Let q be 1/(j/(-15) - -3). Suppose -4*m = -q - 9. What is the units digit of m?
6
Suppose 5*s - 15 = 40. Suppose -3*k - 1 = s. Let d = -3 - k. What is the units digit of d?
1
Suppose -2*k + 61 = 3. What is the tens digit of k?
2
Suppose 2*a - 16 = 14. Suppose -o + 76 = 4*w, -3*o + a + 4 = w. What is the tens digit of w?
1
Let v(y) = -y**2 + 3*y + 4. Let x be v(5). What is th